mmon divisor of 349596888 and 8844?
804
What is the greatest common factor of 2 and 86025642?
2
Calculate the highest common divisor of 38715281 and 173151.
6413
What is the highest common factor of 1264 and 73668290?
158
Calculate the greatest common divisor of 441692 and 12660237.
4801
What is the highest common divisor of 33 and 74769717?
33
Calculate the greatest common factor of 16313286 and 1067.
11
Calculate the greatest common divisor of 4832 and 22332.
4
Calculate the greatest common divisor of 259 and 20527267.
37
What is the greatest common factor of 100 and 448188?
4
What is the highest common divisor of 205420203 and 3879?
3879
What is the greatest common divisor of 547834 and 355769?
359
Calculate the greatest common divisor of 2983 and 421083263.
2983
Calculate the greatest common factor of 123597404 and 16121.
2303
Calculate the highest common divisor of 260850043 and 106093.
8161
What is the highest common divisor of 160169394 and 3850?
154
Calculate the greatest common factor of 37356 and 7219896.
3396
What is the highest common divisor of 4099434 and 1269?
141
What is the greatest common factor of 137381638 and 122?
122
What is the highest common divisor of 16835 and 31544905?
1295
What is the highest common divisor of 45064 and 1607512?
344
Calculate the greatest common divisor of 19848 and 219000.
24
What is the greatest common factor of 239086 and 305518?
346
What is the highest common divisor of 228 and 22801668?
12
Calculate the greatest common divisor of 28560 and 57260.
140
Calculate the highest common divisor of 442035 and 28341.
423
Calculate the greatest common divisor of 1524 and 9055227.
381
Calculate the greatest common factor of 300293 and 525.
7
Calculate the highest common factor of 2756042 and 29326.
86
Calculate the greatest common divisor of 2145 and 7381569.
39
What is the greatest common factor of 1748152 and 650628?
6572
Calculate the greatest common factor of 4781 and 54782747.
683
Calculate the highest common divisor of 6819473 and 713.
31
What is the greatest common divisor of 42524638 and 416?
26
What is the greatest common factor of 63542 and 928?
2
What is the greatest common factor of 4870977 and 834?
417
What is the greatest common factor of 346 and 1235087136?
346
What is the highest common divisor of 10565507 and 398?
199
What is the highest common divisor of 4882250 and 67024?
118
What is the greatest common divisor of 57406661 and 698?
349
Calculate the greatest common factor of 4287408 and 488022.
2994
What is the highest common divisor of 242 and 403568638?
242
What is the greatest common factor of 221042773 and 74?
37
What is the highest common factor of 3174084 and 900?
36
What is the greatest common divisor of 9367062 and 2702?
386
Calculate the greatest common factor of 162135 and 269024.
1201
Calculate the greatest common factor of 112786099 and 11855.
2371
Calculate the greatest common divisor of 125122 and 4258966.
146
Calculate the highest common factor of 4853874 and 2754.
102
What is the highest common divisor of 138152672 and 3376?
3376
What is the highest common divisor of 15 and 183619350?
15
What is the greatest common divisor of 75717 and 36660?
141
Calculate the highest common divisor of 38412 and 2027520.
396
Calculate the highest common divisor of 335570 and 92.
46
What is the highest common divisor of 5652516 and 381?
381
Calculate the greatest common factor of 380087 and 6015157.
1019
What is the highest common divisor of 43 and 108672696?
43
What is the highest common divisor of 495 and 61791015?
165
Calculate the highest common factor of 7565 and 2473925.
85
Calculate the greatest common divisor of 61050 and 198766590.
12210
What is the greatest common factor of 231432615 and 1305?
1305
What is the highest common divisor of 90 and 339530?
10
What is the greatest common divisor of 7155 and 24837867?
1431
What is the greatest common factor of 10791 and 34617?
33
Calculate the highest common divisor of 18 and 7238702.
2
Calculate the highest common divisor of 68132512 and 224.
224
Calculate the highest common divisor of 95152 and 65776.
16
Calculate the greatest common factor of 53000 and 44920.
40
What is the highest common factor of 24 and 619092344?
8
Calculate the highest common divisor of 2816121194 and 1094.
1094
Calculate the highest common divisor of 33663 and 27979.
49
What is the greatest common divisor of 33731 and 758000?
379
Calculate the greatest common factor of 99181477 and 4613.
659
What is the highest common divisor of 798353244 and 52?
52
Calculate the highest common factor of 12 and 38210358.
6
Calculate the greatest common factor of 36182 and 43766.
158
Calculate the highest common divisor of 5 and 4658395.
5
What is the greatest common factor of 59684373 and 482?
241
What is the highest common divisor of 10790 and 97140?
10
Calculate the greatest common factor of 6566 and 4620186.
134
Calculate the greatest common factor of 230732012 and 28.
28
What is the highest common divisor of 35 and 5157117?
7
Calculate the greatest common factor of 2996301 and 109.
109
Calculate the highest common factor of 1800383 and 11248.
703
What is the highest common factor of 83709 and 12497400?
1179
What is the greatest common factor of 173056 and 4529876?
676
Calculate the highest common divisor of 5361636 and 62622.
2982
Calculate the greatest common factor of 102455 and 1721905.
3305
Calculate the greatest common divisor of 6383181 and 15743.
1211
What is the highest common divisor of 170 and 2297210?
170
Calculate the greatest common divisor of 151116995 and 40120.
5015
What is the greatest common factor of 12965449 and 7?
7
Calculate the highest common factor of 89168420 and 20.
20
Calculate the greatest common factor of 426777 and 27249.
93
Calculate the highest common factor of 220 and 7359605.
55
What is the greatest common divisor of 6515905 and 10?
5
What is the highest common factor of 16208 and 1296?
16
Calculate the highest common divisor of 558465 and 15000.
15
What is the highest common factor of 5082 and 480837?
21
What is the greatest common factor of 263008418 and 22838?
1202
What is the highest common divisor of 8 and 32788732?
4
What is the highest common factor of 20194468 and 164?
164
Calculate the greatest common factor of 570 and 45690.
30
What is the highest common factor of 25546 and 49396?
106
What is the greatest common divisor of 21140 and 1829365?
755
What is the highest common factor of 4380 and 4273275?
15
What is the greatest common factor of 277152 and 534?
6
Calculate the highest common divisor of 15299163 and 27.
9
Calculate the greatest common divisor of 2892 and 21139074.
1446
Calculate the highest common factor of 17135 and 148385673.
3427
Calculate the greatest common divisor of 12538400 and 336000.
5600
Calculate the highest common factor of 657992274 and 1784.
446
Calculate the greatest common factor of 3230 and 1183710.
170
Calculate the highest common factor of 11 and 1280700971.
11
Calculate the highest common factor of 154196 and 7140.
28
Calculate the greatest common factor of 22680 and 423840.
120
What is the highest common factor of 1261 and 270491?
13
Calculate the highest common factor of 99663053 and 812.
203
Calculate the greatest common divisor of 899 and 9361349.
31
What is the greatest common factor of 9679280 and 2808?
104
Calculate the greatest common divisor of 3377702 and 4888.
94
Calculate the highest common factor of 65295415 and 908.
227
What is the highest common factor of 204717 and 6?
3
What is the greatest common divisor of 476032 and 8921881?
3719
Calculate the greatest common divisor of 12025035 and 2145.
165
Calculate the greatest common divisor of 8967 and 62915034.
1281
Calculate the highest common factor of 231699 and 290652.
1371
Calculate the greatest common factor of 12880251 and 1053.
9
What is the highest common divisor of 188374 and 243721?
971
Calculate the highest common divisor of 19570 and 162070.
190
Calculate the greatest common divisor of 3525493 and 1367.
1367
What is the highest common divisor of 4147 and 16496051?
143
What is the greatest common divisor of 7276 and 97784?
68
What is the highest common divisor of 575 and 1290047?
23
Calculate the highest common factor of 511 a